?
19
What is the value of (-1 - (18 - -3) - -6 - -13) + -47?
-50
(0 - -1) + -9 - (34 + 82 + -93)
-31
Calculate -72 - (42 + -66) - -32.
-16
Evaluate -2 + -54 - (-1130 + 1097).
-23
-50 + -13 + 3 + 37 + -48
-71
What is -23 - (-21 + -3) - (-30 + -1) - -8?
40
Evaluate -2 + -61 + 68 - (0 + 2).
3
Calculate (-2 - 25) + 2 - (50 + (-32 - 22) + 11).
-32
(4 - -3) + 5 + -2 - (-32 + 22 + -8)
28
What is the value of 50 + (-3 - -1) + (26 - 47 - -12) + 12?
51
-49 - (2 + (85 - 60))
-76
What is the value of -7 + 6 + -14 - -48?
33
What is 8 + -78 + -9 + (-5 - (5 - -1) - -22)?
-68
Calculate 16 + -1 - ((-9 - 37) + 92).
-31
Calculate -8 - (62 - ((5 - 1) + 381 + -381)).
-66
Evaluate (-41 - -3 - 2) + (62 - 63).
-41
What is the value of (13 - (-2 - -2)) + (28 + -27 - 59)?
-45
Calculate 157 + -233 + (-11 - (-11 - -12)).
-88
What is -72 + -3 + 1 + (15423 - 15411)?
-62
What is -8 - ((-90 - -78) + -3 + 14)?
-7
(30 - (-41 + -9)) + -33
47
Evaluate 50 + 3 + 1 + 11 + -15 - (-1207 + 1196).
61
-42 + (47 + -5 - 65)
-65
What is the value of 45 + (39 - 118) - (1 - 53)?
18
Calculate (12 - 1) + (1 - 126) + 54 + -2.
-62
Evaluate 27 - (-20 + 71 + -44 - (1 + -8)).
13
Evaluate -4 - ((6 - (-3 + 1)) + (-42 - -33)) - 42.
-45
Calculate -1913 - -1892 - (-1 - -11).
-31
Evaluate -2 + 20 + (4 - -1 - 41) - -2.
-16
What is 13 + 22 + (16 + 1 - (26 - -15))?
11
What is -22 - (-72 - (-11 + 9)) - 0?
48
Evaluate -12 + (-20 - (6 + 1 + (-53 - -44))).
-30
Calculate 6 + (-19 - -12 - -11) + -71 + 6.
-55
Evaluate 65 + (-20 - 17) - -16.
44
-72 + 43 + (-84 - -144)
31
-1 - ((5 - 9) + -2 - 4) - (-124 - -231)
-98
-51 + 74 + -7 + -21 + 9
4
What is -54 - 2 - (2 + 79 - 103)?
-34
Calculate -43 + 10 + 0 + -5 + 50 + -49 + -9.
-46
What is the value of 16 + -1 + (-26 - (-8 + -50)) - 11?
36
9 + 18 + -13 + (-67 - -130)
77
What is the value of 11 + 33 - 18 - -13?
39
Evaluate 6 - (7 - 22 - (0 + -4)) - 21.
-4
What is the value of (-6 - -9) + 26 + -42?
-13
-3 - (3 + -6) - ((14 - 47) + -21)
54
What is (-21 - -38) + -1 + -23 - (6 - -2)?
-15
Calculate 7 - 13 - -33 - (6 - (-3 - 0)).
18
Calculate (94 - 126) + -1 + 18.
-15
What is the value of 77 + -169 + (-9 - -46)?
-55
Calculate 10 - 6 - ((7 - 7) + 7 + -3).
0
What is (36 - (-3 + 21 + -4) - 2) + -3?
17
Calculate -35 + 12 + 8 + (5 + 2 - -5).
-3
Calculate (-9 - (2 - 2)) + (10 + -10 + 13 - 24).
-20
What is the value of 18 + 5 + -1 - (-25 + 199) - -20?
-132
What is -53 - (-7 - 12 - (-95 + 116))?
-13
7 + -6 - (11 - (2 - 2) - (8 - 14))
-16
What is the value of -3 - -2 - 12 - (-12557 + 12487)?
57
What is -49 - (40 + (-75 - -55))?
-69
Evaluate (72 - (-142 - -255)) + (-13 - 0).
-54
Evaluate (552 - 518) + (-24 - 2).
8
What is 7 + (-12 - -6) + (-44 - (-11 + -14 + -5))?
-13
Evaluate -16 + -15 + 6 + 27 + 13 + -6.
9
What is -8 - 8 - (-1 - (-12 + 93))?
66
Calculate -45 + 3 + 77 - (-5 + 2 - 0).
38
Calculate 20 - -17 - (3 + 0 + 24 + -22).
32
Evaluate 16 - (0 - -34 - (-565 + 553)).
-30
What is the value of 14 + -26 + 115 - (-17 + 2 + 4)?
114
Evaluate (-6 - (58 + -14)) + 92.
42
What is 47 + -157 + 122 + -14?
-2
What is 64 + (-26 - (-22 + 14 + -2))?
48
What is the value of 10 + 0 + ((11 - 36) + -23 - (-17 + 25))?
-46
What is (1 - (6 - -73)) + -1049 + 1076?
-51
Evaluate -63 + 118 + 15 + -54.
16
Calculate (-5 - (-5 - 3 - -9)) + -28 - 1.
-35
Calculate 58 - (22 + 30) - -41.
47
Calculate -10 + (38 - 62 - (7 + 1)).
-42
Calculate 1 + 14 + (-733 - -822).
104
Calculate -71 - (-54 + 57 - 35).
-39
Evaluate -98 - (23 - (70 - -67)).
16
What is 7 + -15 + 13 + 16 + (8 - 13) + 10?
26
What is the value of (-58 - -44) + (1 - (4 + -2 - -2))?
-17
What is -80 - (-10 + -13 + 23 + (3 - -15) + -11)?
-87
Calculate -15 + (-3 - (-3 - (-2 - -2 - -4))) + 54.
43
Evaluate -13 + (13 - 0) + 14 + (-3 - -16).
27
What is -28 + (-19 - (1 - -8)) - 9?
-65
-11 + 36 - 55 - (1 - -2) - -8
-25
Evaluate 845 + -870 - (-1 + -33).
9
Evaluate 33 - (50 + -27) - 58.
-48
Evaluate (-6 - (-2 - (8 - (-10 + 7)))) + 26.
33
Evaluate -798 + 764 - (-109 - -5).
70
Calculate -80 + 143 + -80 - -29 - (-1 - -3 - -36).
-26
Calculate (-7 - -10) + -6 + 16 + -9 + 5.
9
Evaluate (40 - (43 - 18) - (4 - 9)) + 6.
26
-89 + 92 + -9 + 36
30
What is -19 + 50 - (47 + -40)?
24
What is the value of -88 + (-15 - -23) - -30?
-50
What is the value of (-2694 - -2704) + (-15 + 1 - (1 + -1))?
-4
Calculate (1 - (-8 - -17)) + (-1 - -3 - -3) + -7.
-10
Calculate (4 + 1 - (45 - 62)) + 18.
40
What is (-1 + -8 - (14 + -23 - -7) - -7) + 9?
9
Evaluate (-2 - 40) + -24 + 3 + 45.
-18
What is 0 - (19 + -53 + -12) - 8?
38
(22 - (14 + -25)) + -12 - 26
-5
What is the value of 37 - (50 + 26) - -121?
82
Evaluate (22 + -49 - -55 - 0) + 63.
91
Calculate 61 + -19 + (8 - -8 - 4) + -1.
53
-28 - (4 + 26 - (21 + -3))
-40
(2 - (1 - 4)) + (-61 + 0 - (1460 + -1530))
14
-14 - 1 - (-50 + -67 + 131)
-29
(21 - 136) + 45 - -11
-59
What is -15 + (16 - 34 - -9 - -21)?
-3
Evaluate 9 + (5 - 1 - 4) + (-5 - (89 - -4)).
-89
(7 + -101 - -1) + ((21 - 5) + -9 - -3)
-83
What is -33 + -26 + 49 - 22?
-32
-105 - (-161 + 81 + -94)
69
13 + ((2 - 0) + -7 - (101 + 61 + -75))
-79
Calculate -24 + 41 + 7 + 1 - -3.
28
What is the value of -5 - (63 + -6 + 23 + -8 + -3)?
-74
What is -5 + -25 + 10 + (-11 + 14 - 11) + -13?
-41
78 - (180 - 96) - 84
-90
What is (91 - 95 - (-28 + 9)) + (0 - (-24 - 0))?
39
What is (-27 - (1 - 113)) + (25 - 5 - 2)?
103
What is -113 - (53 + -113) - -42?
-11
(-7 - -5 - (-15 - 6)) + -7 - 39
-27
What is (14 - (-5 + (0 - -7))) + (7 - 81)?
-62
Calculate 65 + (66 - 93 - -53).
91
Evaluate -19 + (3 - 5) + (-2 - -10 - -116).
103
What is the value of 98 + (2 - 1) + (-29 + 10 - -2)?
82
What is (-5 - -2) + (-151 - (47 + -155))?
-46
(60 + 18 - 55) + 2 + 48
73
What is the value of -6 - 9 - (-50 + 24 - -6) - 9?
-4
What is 0 - -26 - (27 - ((12 - -8) + 4 + 4))?
27
What is the value of 83 - ((82 - 61) + 0 + 1 - 9)?
70
Evaluate 1 - 8 - (-10327 - -10223).
97
Calculate -74 + 55 + 42 + -2 + -2 + (1 - 4).
16
Calculate (-13 - (22 - 24)) + -56 + 15.
-52
What is the value of (-22 - (-17 - 1) - -50) + (-1 - 6 - -2)?
41
Evaluate (-88 - -1) + (4 + -10 - -45 - 22).
-70
What is the value of 696 + -580 + (-89 - 3)?
24
Evaluate 12 + (-2 + 0 + 0 - 53 - (-2297 - -2298)).
-44
Calculate -17 + -1 + (174 + -90 - 45).
21
(11 - 28) + (-22 - 1) + 53
13
What is -11 + -74 + -14 - -18?
-81
-12 - ((-4 - (4 - -69)) + (-20 - -16))
69
What is (0 - (2 - -1) - 2) + -18 + 17?
-6
Evaluate -21 - (9 + -19 - -34).
-45
Evaluate -5 - (393 + -404 - (-34 + 0 + 1)).
-27
What is the value of -159 - (-26 + 29 - (-10 - (-6 + -9) - -1))?
-156
-2 - (-9 + 68) - -45
-16
Evaluate 11 + -128 - (42 + -15) - -34.
-110
Evaluate -5 - (11 + (2 - (-10 + 8 + 2))).
-18
What is the value of 0 + (-116 - -28) - -47?
-41
What is the value of 0 - 1 - ((20 + 12 - 30) + 0)?
-3
47 + (25 - 38) - 15
19
What is -266 - -200 - (-4 - -31)?
-93
Calculate (-20 - (-5 - -39) - -19) + -2.
-37
Evaluate (1 - 0) + 41 + -3361 + 3359.
40
What is the value of -62 + -11 + 5 + 4 + -15?
-79
Evaluate 0 + 49 + 3180 + -3245.
-16
What is the value of -1 + -5 - (-2 + -40 + (43 - (-40 - -71)))?
24
What is the value of 7 - -101 - (-45 + 8 + 38)?
107
What is 69 - (168 - (49 + 20))?
-30
Calculate -29 - (-61 + 45) - -3.
-10
Calculate 30 + -32 + -57 + 0 + -2 + 5.
-56
(1 - -2) + -7 + -17 + 10 - (-28 - 11)
28
Calculate 64 + (0 - -7) + (-8 - (1 - 2) - -20).
84
Calculate 58 - 1 - (53 - (36 - -16)) - -16.
72
-1 - (9 - ((-5 - 15) + 16))
-14
2 - 0 - (-56 + -7 + 7 + (8 - 0))
50
What is 36 - (100 - (-28 - (21 + -75)))?
-38
What is -1 - -108 - (15 + 0 + -11 + 651 + -663)?
115
What is 1 + 11 - (178 + (269 - 438))?
3
What is ((-5 - -4) + 20 - -19) + -4?
34
What is the value of 0 - 1 - (12 + (-8 - 14 - -22))?
-13
What is the value of -2 + (-3 - 9 - (-5 - 4)) - -39?
34
What is -2 + 48 + (-4 - -2) + 204 + -207?
41
Evaluate (-181 - (-44 + -55)) + 43.
-39
What is the value of (-4 + -1 - -8 - (-5 - 1)) + (-750 - -717)?
-24
4 - (21 + (-5 - 6))
-6
What is -59 + (45 - -57) - -1?
44
What is the value of -23 - (-132 - (-60 + 25) - 1)?
75
Calculate 47 + (-48 - (-105 - -58)) + -11 + 1 + -1.
35
What is 3 - (3 + -3 - -8) - (-29 + (64 - 4))?
-36
What is the value of -37 + 44 + (-16 - -1) + -28 + 157?
121
Calculate 13 - (15 - (-7 + (18 - 10))) - (37 + 0).
-38
Calculate 25 + -15 + 9 + -4 + 9 + -41.
-17
Evaluate -1 - (-4 + -7) - (6 + -6 + 8 + 74).
-72
Calcula